t p be (-2 + i/2)*-2. Let c = 101 + p. List the prime factors of c.
2, 3, 7
Let d(q) = 1037*q**2 - 2*q - 3. What are the prime factors of d(-1)?
2, 7, 37
Let a = -7 - 3. List the prime factors of (-348)/(-5) - 4/a.
2, 5, 7
Suppose 0 = 7*s - 12*s + 20. Suppose 63 = 5*b - s*o, -2*b + 0*b + 24 = -o. List the prime factors of b.
11
Let v be (-3816)/(-2)*(30/(-9) + 4). List the prime factors of v/(-28)*-2 + (-1)/(-7).
7, 13
Let b = 25 - 31. Let k = 16 + b. Suppose -4*j + 3*j + k = 0. What are the prime factors of j?
2, 5
What are the prime factors of (-3816 + 2)*(-1)/2 + -5?
2, 3, 317
Suppose -12*f = 1436 - 7796. What are the prime factors of f?
2, 5, 53
Let u(p) = p**3 + 18*p**2 + 11*p - 51. What are the prime factors of u(-14)?
3, 193
Let f = -623 - -1741. What are the prime factors of f?
2, 13, 43
Let i be 20/(-15)*3/2. Let h = 4 - i. List the prime factors of 8/h + (-2)/(-3).
2
Let g be ((-6)/9)/((-4)/222). Suppose -4*u + 35 = 5*f, -5*u - 3*f + 23 = -g. What are the prime factors of (-4)/2 + (u - 1)?
2, 3
Let y(q) = -q**2 + 2*q - q**2 + q + 3*q**2. Let a be y(-4). Let d = a - -1. List the prime factors of d.
5
Let d = -25 - -30. Suppose 2*c = -2*c + 4*u + 76, d*u = -3*c + 81. List the prime factors of c.
2, 11
Let n = 2066 - -1950. What are the prime factors of n?
2, 251
Suppose 0 = -2*j - 1 + 27. Let u = -8 + j. Suppose -4*x = -u*y - 103, 4*x + 4*y = x + 85. List the prime factors of x.
3
Let i = 85 + -62. List the prime factors of i.
23
Let x be (56/35)/((-32)/(-80)). Let t = 24 - 2. What are the prime factors of t - (-5)/10*x?
2, 3
Let r(c) = 92*c**2 - c - 13. What are the prime factors of r(-3)?
2, 409
Suppose 7*y - 6*y = 1150. Suppose -2*g + 460 = -3*p, -2*p = -5*g - 0*g + y. List the prime factors of g.
2, 5, 23
Let x be 6/(-3) + 1*4. Suppose l + 4*f - 95 = 0, x*l + 3*f = -3*l + 458. What are the prime factors of l?
7, 13
Let c = 52 - -27. Let o = c - -15. List the prime factors of o.
2, 47
Let l = -13 - 5. List the prime factors of (1/2)/(9/l)*-23.
23
Let s(f) = 27*f**2 + 31*f + 229. List the prime factors of s(-6).
5, 7, 29
Let f(s) = -9 + 68*s + 18 - 20. What are the prime factors of f(5)?
7, 47
Suppose l - 2*h = -12, -3 - 4 = -4*l - 3*h. What are the prime factors of (l/11 - (-4612)/(-44))*-1?
3, 5, 7
Let b(q) be the first derivative of -1/3*q**3 + 5*q - 4 - 3*q**2. List the prime factors of b(-5).
2, 5
Suppose -u = -4*n - 1, -4*n - n = -3*u + 3. Let t be u + (0 - -3) + 2. Let h(j) = j**3 - 4*j**2 - 9*j + 1. List the prime factors of h(t).
19
Let g = 14 - 9. Suppose -g*v + 0*v = -90. What are the prime factors of v?
2, 3
Suppose 8*v = 3997 + 3491. What are the prime factors of v?
2, 3, 13
Let x(v) = -2*v**2 + 46*v - 19. Let r be x(22). List the prime factors of 32/(-16)*(1 - r/2).
23
Let y(n) = 6*n**2 + 6*n - 72. What are the prime factors of y(6)?
2, 3, 5
Suppose -22*x + 21856 = -2168. What are the prime factors of x?
2, 3, 7, 13
Let m(t) = 6*t**2 - 8*t + 7. Let p be m(-7). Suppose -22*q - p = -25*q. List the prime factors of q.
7, 17
Let w be (-3)/1 - (2 - -9). Let b = w + 17. Suppose 2*r - 20 = -b*d, 0 = 2*r - 3*r - 2*d + 10. What are the prime factors of r?
2, 5
Let u be 22/(14/(-7)*1/2). Let m = u - -54. List the prime factors of m.
2
Let u(q) = -q**3 + 12*q**2 + 13*q - 2. Let d be u(9). Suppose -4*k + k - 2*v = -338, -d = -3*k + 2*v. List the prime factors of k.
2, 29
Let l = -2221 + 5125. What are the prime factors of l?
2, 3, 11
Let t = 3548 - 2476. What are the prime factors of t?
2, 67
Let s(y) = -2*y**2 + 9*y - 7. Let m be s(5). Let a(f) = f**2 + 10*f + 15. What are the prime factors of a(m)?
3, 13
Let a = 2433 - 1911. List the prime factors of a.
2, 3, 29
Let p(f) = f**3 - 24*f**2 - 39*f - 64. What are the prime factors of p(27)?
2, 5, 107
Let b(m) = m**3 - 18*m**2 - 19*m + 9. Let d be b(19). Suppose -d*l = -13*l + 412. What are the prime factors of l?
103
Suppose 3*w - 6 = -2*a, 2*w + 4*a + 4 = 4*w. Suppose 5*h = -w*k + 364, 4*h + k = 64 + 229. List the prime factors of h.
2, 37
Let i(x) = -x**3 + 12*x**2 + 29*x - 11. Let w be i(14). List the prime factors of 2*15 - (w - (-1 - -3)).
29
Let b be 20/28 - 2/(-7). Suppose 5*m - 2*q = 23, m - 2*q - b = 2*q. Suppose 71 = m*g + 1. List the prime factors of g.
2, 7
Let m(a) = -a**3 - 8*a**2 + a + 11. Let v be m(-8). Suppose 3*u - 3*i - v = 0, -i = 5*u - 13 + 2. What are the prime factors of u?
2
What are the prime factors of 2/(6/(-3) + 3276/1635)?
5, 109
Suppose -2*b - 589 = -u, 2383 = 6*u - 2*u + b. What are the prime factors of u?
5, 7, 17
Suppose 2*o = -c + 11, 3 = 3*c - 0. Let k be (0 - -3)*53*-1. What are the prime factors of 7/35 - k/o?
2
Let z(s) = 3*s**2 + s + s**3 - s**2 - 2 + 3*s. Let g be z(3). Suppose 0 = 3*m - g - 29. What are the prime factors of m?
2, 7
Suppose 3*n + 18 = -0. Let o(g) = 5*g + 3 + 13*g**3 - 5*g**2 - 14*g**3 + 5. List the prime factors of o(n).
2, 7
Let f = 50 + -32. Let k = -8 + f. Suppose -2*t + 0*t = -k. List the prime factors of t.
5
Let u(g) = -3 - 7*g**2 + 22*g + 15 + 4*g**2 + 2*g**2. What are the prime factors of u(13)?
3, 43
Let o = -13 + 12. Let p be (2 - o) + (-210 - 0). What are the prime factors of p/(-12) + (-2)/8?
17
Suppose 3*i + 92 = 4*m, 12 = m + 3*i - 11. What are the prime factors of m?
23
Let o = -57 - -121. What are the prime factors of (2 + o)*(2 + (-2)/6)?
2, 5, 11
Let p = -978 - -1913. What are the prime factors of p?
5, 11, 17
Let z = 1009 - 545. List the prime factors of z.
2, 29
Suppose -3*r = -5*o - 315, -2*r - 2*r + 5*o + 415 = 0. List the prime factors of r.
2, 5
Suppose 0 = -5*o - i + 3761, -2*i + 1418 = 2*o - 80. What are the prime factors of o?
3, 251
Suppose -s - 24 = -9*s. Suppose 2*o + 390 = 4*n, 3*n - s*o - 234 = 54. List the prime factors of n.
3, 11
Let y(p) = 3*p + 40. Let l be y(-20). List the prime factors of (-1084)/l + -4 + 1/(-5).
2, 5
What are the prime factors of (-135269)/(-102) - 3*1/18?
2, 3, 13, 17
Suppose 4144 + 9692 = 6*m. List the prime factors of m.
2, 1153
Let m = 254 + 649. What are the prime factors of m?
3, 7, 43
Suppose 5*w = -f + 935, 0 = -4*f - 0*w - 4*w + 3788. List the prime factors of f.
2, 5, 19
Let z(v) = v**3 + v**2 - v + 2. Let q be z(0). Let t be ((-1)/3)/(111/(-53613)). Suppose -q*i = -10, 2*r + i - 12 - t = 0. List the prime factors of r.
2, 3, 7
Suppose 4*w - 3*q - 415 = 2*q, 0 = 5*q - 5. What are the prime factors of ((-11)/1)/((-7)/w)?
3, 5, 11
Let j(w) = -w**2 - 7*w - 3. Let n be ((-9)/(-2))/(3/(-4)). Let z be j(n). Suppose z*x - 3 = 24. List the prime factors of x.
3
Suppose -m = m - 48. Let v be (-1)/3 + 56/m. List the prime factors of v*2 - (13 - 31).
2, 11
Let o = 5 - 5. Let m = -2 - o. What are the prime factors of (5 + m)/(2/6)?
3
Let r = -8 + 26. Let h = 6 + r. Suppose -2*y - h + 96 = 0. What are the prime factors of y?
2, 3
Let k(d) = -2*d**3 - 2*d**2 + 2*d - 1. Let y be k(-2). Suppose 4*u = y*x - 192, 3*x - 5*u - 143 = 46. What are the prime factors of x?
2, 17
Suppose -3*b + 4*b = 4*b. Suppose 0 = 5*y - 2*p - 974, -184 = -y - b*y + 4*p. What are the prime factors of y?
2, 7
Let y(l) = l**2 - 4*l - 23. Let z be y(7). What are the prime factors of z - 33/(-18) - (-571)/6?
5, 19
Let w(v) = -2*v**3 + 3*v**2 + 3*v + 5. Let z be w(-2). Let g = z + -12. What are the prime factors of g?
3, 5
Let z = -457 + 574. What are the prime factors of z?
3, 13
Suppose -21*w + 18*w = 12. Let s = 28 + w. What are the prime factors of s?
2, 3
Let m = -500 - -745. What are the prime factors of m?
5, 7
Let d(k) = 4*k**2 + 6*k - 7. Let w be d(6). Suppose 0 = 7*m - 558 + w. What are the prime factors of m?
5, 11
Let s(v) = -4*v**2 - 3*v - 5. Let z be s(5). Let w = z - -170. List the prime factors of w.
2, 5
Let t(x) = -x**3 + 4*x**2 + 125*x - 24. List the prime factors of t(-14).
2, 877
Suppose b + 1 = 3*x, -4*b = -3*x - 1 + 5. Suppose 3*z + 0*z - 6 = 0. Suppose x = q - z*q + 38. What are the prime factors of q?
2, 19
Suppose k = 2*x + 2*x - 4079, -3*x - k = -3054. List the prime factors of x.
1019
Let v = 207 - 203. Suppose -3*i - 3*y - 18 = -i, -38 = 4*i + 5*y. What are the prime factors of (18/v)/(i/(-112))?
2, 3, 7
Let f(h) = -h**3 - 8*h**2 - 5*h - 3. Suppose -3*r - 4 = -n + 20, 0 = 4*r - 4*n + 32. What are the prime factors of f(r)?
37
Suppose -38*b + 13906 = -21*b. What are the p